{"version":"1.0","provider_name":"La Maison des Artistes","provider_url":"https:\/\/www.lamaisondesartistes.fr\/site","author_name":"Louise PELLETIER","author_url":"https:\/\/www.lamaisondesartistes.fr\/site\/author\/louise-pelletierlamaisondesartistes-fr\/","title":"Solidarit\u00e9 avec l\u2019Ukraine \ud83c\uddfa\ud83c\udde6 - La Maison des Artistes","type":"rich","width":600,"height":338,"html":"<blockquote class=\"wp-embedded-content\" data-secret=\"9xmoE7SXxZ\"><a href=\"https:\/\/www.lamaisondesartistes.fr\/site\/solidarite-avec-lukraine\/\">Solidarit\u00e9 avec l\u2019Ukraine \ud83c\uddfa\ud83c\udde6<\/a><\/blockquote><iframe sandbox=\"allow-scripts\" security=\"restricted\" src=\"https:\/\/www.lamaisondesartistes.fr\/site\/solidarite-avec-lukraine\/embed\/#?secret=9xmoE7SXxZ\" width=\"600\" height=\"338\" title=\"\u00ab\u00a0Solidarit\u00e9 avec l\u2019Ukraine \ud83c\uddfa\ud83c\udde6\u00a0\u00bb &#8212; La Maison des Artistes\" data-secret=\"9xmoE7SXxZ\" frameborder=\"0\" marginwidth=\"0\" marginheight=\"0\" scrolling=\"no\" class=\"wp-embedded-content\"><\/iframe><script type=\"text\/javascript\">\n\/* <![CDATA[ *\/\n\/*! This file is auto-generated *\/\n!function(d,l){\"use strict\";l.querySelector&&d.addEventListener&&\"undefined\"!=typeof URL&&(d.wp=d.wp||{},d.wp.receiveEmbedMessage||(d.wp.receiveEmbedMessage=function(e){var t=e.data;if((t||t.secret||t.message||t.value)&&!\/[^a-zA-Z0-9]\/.test(t.secret)){for(var s,r,n,a=l.querySelectorAll('iframe[data-secret=\"'+t.secret+'\"]'),o=l.querySelectorAll('blockquote[data-secret=\"'+t.secret+'\"]'),c=new RegExp(\"^https?:$\",\"i\"),i=0;i<o.length;i++)o[i].style.display=\"none\";for(i=0;i<a.length;i++)s=a[i],e.source===s.contentWindow&&(s.removeAttribute(\"style\"),\"height\"===t.message?(1e3<(r=parseInt(t.value,10))?r=1e3:~~r<200&&(r=200),s.height=r):\"link\"===t.message&&(r=new URL(s.getAttribute(\"src\")),n=new URL(t.value),c.test(n.protocol))&&n.host===r.host&&l.activeElement===s&&(d.top.location.href=t.value))}},d.addEventListener(\"message\",d.wp.receiveEmbedMessage,!1),l.addEventListener(\"DOMContentLoaded\",function(){for(var e,t,s=l.querySelectorAll(\"iframe.wp-embedded-content\"),r=0;r<s.length;r++)(t=(e=s[r]).getAttribute(\"data-secret\"))||(t=Math.random().toString(36).substring(2,12),e.src+=\"#?secret=\"+t,e.setAttribute(\"data-secret\",t)),e.contentWindow.postMessage({message:\"ready\",secret:t},\"*\")},!1)))}(window,document);\n\/\/# sourceURL=https:\/\/www.lamaisondesartistes.fr\/site\/wp-includes\/js\/wp-embed.min.js\n\/* ]]> *\/\n<\/script>\n","thumbnail_url":"https:\/\/www.lamaisondesartistes.fr\/site\/wp-content\/uploads\/2022\/03\/bl\u00e9.jpeg","thumbnail_width":1116,"thumbnail_height":743,"description":"Le Mot de l&rsquo;association \ud83d\udcdd En tant qu\u2019artistes et professionnels des arts visuels, nous souhaitons, \u00e0 travers La Maison des Artistes, apporter tout notre soutien au peuple ukrainien et tout particuli\u00e8rement aux artistes ukrainien.ne.s. Nous devons affirmer notre solidarit\u00e9 et leur venir en aide. Nous avons pris contact avec notre association \u00ab s\u0153ur \u00bb, bas\u00e9e... Voir l'article"}

Solidarité avec l’Ukraine 🇺🇦 - La Maison des Artistes

<blockquote class="wp-embedded-content" data-secret="9xmoE7SXxZ"><a href="https://www.lamaisondesartistes.fr/site/solidarite-avec-lukraine/">Solidarité avec l’Ukraine 🇺🇦</a></blockquote><iframe sandbox="allow-scripts" security="restricted" src="https://www.lamaisondesartistes.fr/site/solidarite-avec-lukraine/embed/#?secret=9xmoE7SXxZ" width="600" height="338" title="« Solidarité avec l’Ukraine 🇺🇦 » &#8212; La Maison des Artistes" data-secret="9xmoE7SXxZ" frameborder="0" marginwidth="0" marginheight="0" scrolling="no" class="wp-embedded-content"></iframe><script type="text/javascript">
/* <![CDATA[ */
/*! This file is auto-generated */
!function(d,l){"use strict";l.querySelector&&d.addEventListener&&"undefined"!=typeof URL&&(d.wp=d.wp||{},d.wp.receiveEmbedMessage||(d.wp.receiveEmbedMessage=function(e){var t=e.data;if((t||t.secret||t.message||t.value)&&!/[^a-zA-Z0-9]/.test(t.secret)){for(var s,r,n,a=l.querySelectorAll('iframe[data-secret="'+t.secret+'"]'),o=l.querySelectorAll('blockquote[data-secret="'+t.secret+'"]'),c=new RegExp("^https?:$","i"),i=0;i<o.length;i++)o[i].style.display="none";for(i=0;i<a.length;i++)s=a[i],e.source===s.contentWindow&&(s.removeAttribute("style"),"height"===t.message?(1e3<(r=parseInt(t.value,10))?r=1e3:~~r<200&&(r=200),s.height=r):"link"===t.message&&(r=new URL(s.getAttribute("src")),n=new URL(t.value),c.test(n.protocol))&&n.host===r.host&&l.activeElement===s&&(d.top.location.href=t.value))}},d.addEventListener("message",d.wp.receiveEmbedMessage,!1),l.addEventListener("DOMContentLoaded",function(){for(var e,t,s=l.querySelectorAll("iframe.wp-embedded-content"),r=0;r<s.length;r++)(t=(e=s[r]).getAttribute("data-secret"))||(t=Math.random().toString(36).substring(2,12),e.src+="#?secret="+t,e.setAttribute("data-secret",t)),e.contentWindow.postMessage({message:"ready",secret:t},"*")},!1)))}(window,document);
//# sourceURL=https://www.lamaisondesartistes.fr/site/wp-includes/js/wp-embed.min.js
/* ]]> */
</script>

https://www.lamaisondesartistes.fr/site/wp-content/uploads/2022/03/blé.jpeg

Le Mot de l&rsquo;association 📝 En tant qu’artistes et professionnels des arts visuels, nous souhaitons, à travers La Maison des Artistes, apporter tout notre soutien au peuple ukrainien et tout particulièrement aux artistes ukrainien.ne.s. Nous devons affirmer notre solidarité et leur venir en aide. Nous avons pris contact avec notre association « sœur », basée... Voir l'article
