{"version":"1.0","provider_name":"La Maison des Artistes","provider_url":"https:\/\/www.lamaisondesartistes.fr\/site","author_name":"Louise PELLETIER","author_url":"https:\/\/www.lamaisondesartistes.fr\/site\/author\/louise-pelletierlamaisondesartistes-fr\/","title":"Programme des r\u00e9unions d'information pour 2021 - La Maison des Artistes","type":"rich","width":600,"height":338,"html":"<blockquote class=\"wp-embedded-content\" data-secret=\"W4164M2st5\"><a href=\"https:\/\/www.lamaisondesartistes.fr\/site\/programme-des-reunions-dinformation-pour-2019\/\">Programme des r\u00e9unions d&rsquo;information pour 2021<\/a><\/blockquote><iframe sandbox=\"allow-scripts\" security=\"restricted\" src=\"https:\/\/www.lamaisondesartistes.fr\/site\/programme-des-reunions-dinformation-pour-2019\/embed\/#?secret=W4164M2st5\" width=\"600\" height=\"338\" title=\"\u00ab\u00a0Programme des r\u00e9unions d&rsquo;information pour 2021\u00a0\u00bb &#8212; La Maison des Artistes\" data-secret=\"W4164M2st5\" frameborder=\"0\" marginwidth=\"0\" marginheight=\"0\" scrolling=\"no\" class=\"wp-embedded-content\"><\/iframe><script type=\"text\/javascript\">\n\/* <![CDATA[ *\/\n\/*! This file is auto-generated *\/\n!function(d,l){\"use strict\";l.querySelector&&d.addEventListener&&\"undefined\"!=typeof URL&&(d.wp=d.wp||{},d.wp.receiveEmbedMessage||(d.wp.receiveEmbedMessage=function(e){var t=e.data;if((t||t.secret||t.message||t.value)&&!\/[^a-zA-Z0-9]\/.test(t.secret)){for(var s,r,n,a=l.querySelectorAll('iframe[data-secret=\"'+t.secret+'\"]'),o=l.querySelectorAll('blockquote[data-secret=\"'+t.secret+'\"]'),c=new RegExp(\"^https?:$\",\"i\"),i=0;i<o.length;i++)o[i].style.display=\"none\";for(i=0;i<a.length;i++)s=a[i],e.source===s.contentWindow&&(s.removeAttribute(\"style\"),\"height\"===t.message?(1e3<(r=parseInt(t.value,10))?r=1e3:~~r<200&&(r=200),s.height=r):\"link\"===t.message&&(r=new URL(s.getAttribute(\"src\")),n=new URL(t.value),c.test(n.protocol))&&n.host===r.host&&l.activeElement===s&&(d.top.location.href=t.value))}},d.addEventListener(\"message\",d.wp.receiveEmbedMessage,!1),l.addEventListener(\"DOMContentLoaded\",function(){for(var e,t,s=l.querySelectorAll(\"iframe.wp-embedded-content\"),r=0;r<s.length;r++)(t=(e=s[r]).getAttribute(\"data-secret\"))||(t=Math.random().toString(36).substring(2,12),e.src+=\"#?secret=\"+t,e.setAttribute(\"data-secret\",t)),e.contentWindow.postMessage({message:\"ready\",secret:t},\"*\")},!1)))}(window,document);\n\/\/# sourceURL=https:\/\/www.lamaisondesartistes.fr\/site\/wp-includes\/js\/wp-embed.min.js\n\/* ]]> *\/\n<\/script>\n","thumbnail_url":"https:\/\/www.lamaisondesartistes.fr\/site\/wp-content\/uploads\/2018\/08\/eder-pozo-perez-32852-unsplash.jpg","thumbnail_width":4214,"thumbnail_height":2799,"description":"R\u00e9unions program\u00e9es : (en cours de r\u00e9daction) Pour toutes suggestions ou propositions de r\u00e9unions, merci de nous envoyer un mail \u00e0 : charlotte.delsol[at]lamaisondesartistes.fr Calendrier pr\u00e9visionnel (Dates et lieux exacts \u00e0 pr\u00e9ciser) Ivry (94) Gap (05) Caen (14) Bourges (18) Bastia (20) St Brieuc (22) Evreux (27) Brest (29) Toulouse (31) Marseille (13) Bordeaux (33) Montargis... Voir l'article"}

Programme des réunions d'information pour 2021 - La Maison des Artistes

<blockquote class="wp-embedded-content" data-secret="W4164M2st5"><a href="https://www.lamaisondesartistes.fr/site/programme-des-reunions-dinformation-pour-2019/">Programme des réunions d&rsquo;information pour 2021</a></blockquote><iframe sandbox="allow-scripts" security="restricted" src="https://www.lamaisondesartistes.fr/site/programme-des-reunions-dinformation-pour-2019/embed/#?secret=W4164M2st5" width="600" height="338" title="« Programme des réunions d&rsquo;information pour 2021 » &#8212; La Maison des Artistes" data-secret="W4164M2st5" frameborder="0" marginwidth="0" marginheight="0" scrolling="no" class="wp-embedded-content"></iframe><script type="text/javascript">
/* <![CDATA[ */
/*! This file is auto-generated */
!function(d,l){"use strict";l.querySelector&&d.addEventListener&&"undefined"!=typeof URL&&(d.wp=d.wp||{},d.wp.receiveEmbedMessage||(d.wp.receiveEmbedMessage=function(e){var t=e.data;if((t||t.secret||t.message||t.value)&&!/[^a-zA-Z0-9]/.test(t.secret)){for(var s,r,n,a=l.querySelectorAll('iframe[data-secret="'+t.secret+'"]'),o=l.querySelectorAll('blockquote[data-secret="'+t.secret+'"]'),c=new RegExp("^https?:$","i"),i=0;i<o.length;i++)o[i].style.display="none";for(i=0;i<a.length;i++)s=a[i],e.source===s.contentWindow&&(s.removeAttribute("style"),"height"===t.message?(1e3<(r=parseInt(t.value,10))?r=1e3:~~r<200&&(r=200),s.height=r):"link"===t.message&&(r=new URL(s.getAttribute("src")),n=new URL(t.value),c.test(n.protocol))&&n.host===r.host&&l.activeElement===s&&(d.top.location.href=t.value))}},d.addEventListener("message",d.wp.receiveEmbedMessage,!1),l.addEventListener("DOMContentLoaded",function(){for(var e,t,s=l.querySelectorAll("iframe.wp-embedded-content"),r=0;r<s.length;r++)(t=(e=s[r]).getAttribute("data-secret"))||(t=Math.random().toString(36).substring(2,12),e.src+="#?secret="+t,e.setAttribute("data-secret",t)),e.contentWindow.postMessage({message:"ready",secret:t},"*")},!1)))}(window,document);
//# sourceURL=https://www.lamaisondesartistes.fr/site/wp-includes/js/wp-embed.min.js
/* ]]> */
</script>

Réunions programées : (en cours de rédaction) Pour toutes suggestions ou propositions de réunions, merci de nous envoyer un mail à : charlotte.delsol[at]lamaisondesartistes.fr Calendrier prévisionnel (Dates et lieux exacts à préciser) Ivry (94) Gap (05) Caen (14) Bourges (18) Bastia (20) St Brieuc (22) Evreux (27) Brest (29) Toulouse (31) Marseille (13) Bordeaux (33) Montargis... Voir l'article
