{"version":"1.0","provider_name":"La Maison des Artistes","provider_url":"https:\/\/www.lamaisondesartistes.fr\/site","author_name":"Calixte","author_url":"https:\/\/www.lamaisondesartistes.fr\/site\/author\/cvernier\/","title":"\"Arts & Sports\" dans le cadre de l'Olympiade Culturelle de Paris 2024 - La Maison des Artistes","type":"rich","width":600,"height":338,"html":"<blockquote class=\"wp-embedded-content\" data-secret=\"Lf1zSDUQIU\"><a href=\"https:\/\/www.lamaisondesartistes.fr\/site\/olympiade-culturelle\/\">\u00ab\u00a0Arts &#038; Sports\u00a0\u00bb dans le cadre de l&rsquo;Olympiade Culturelle de Paris 2024<\/a><\/blockquote><iframe sandbox=\"allow-scripts\" security=\"restricted\" src=\"https:\/\/www.lamaisondesartistes.fr\/site\/olympiade-culturelle\/embed\/#?secret=Lf1zSDUQIU\" width=\"600\" height=\"338\" title=\"\u00ab\u00a0\u00ab\u00a0Arts &#038; Sports\u00a0\u00bb dans le cadre de l&rsquo;Olympiade Culturelle de Paris 2024\u00a0\u00bb &#8212; La Maison des Artistes\" data-secret=\"Lf1zSDUQIU\" frameborder=\"0\" marginwidth=\"0\" marginheight=\"0\" scrolling=\"no\" class=\"wp-embedded-content\"><\/iframe><script type=\"text\/javascript\">\n\/* <![CDATA[ *\/\n\/*! This file is auto-generated *\/\n!function(d,l){\"use strict\";l.querySelector&&d.addEventListener&&\"undefined\"!=typeof URL&&(d.wp=d.wp||{},d.wp.receiveEmbedMessage||(d.wp.receiveEmbedMessage=function(e){var t=e.data;if((t||t.secret||t.message||t.value)&&!\/[^a-zA-Z0-9]\/.test(t.secret)){for(var s,r,n,a=l.querySelectorAll('iframe[data-secret=\"'+t.secret+'\"]'),o=l.querySelectorAll('blockquote[data-secret=\"'+t.secret+'\"]'),c=new RegExp(\"^https?:$\",\"i\"),i=0;i<o.length;i++)o[i].style.display=\"none\";for(i=0;i<a.length;i++)s=a[i],e.source===s.contentWindow&&(s.removeAttribute(\"style\"),\"height\"===t.message?(1e3<(r=parseInt(t.value,10))?r=1e3:~~r<200&&(r=200),s.height=r):\"link\"===t.message&&(r=new URL(s.getAttribute(\"src\")),n=new URL(t.value),c.test(n.protocol))&&n.host===r.host&&l.activeElement===s&&(d.top.location.href=t.value))}},d.addEventListener(\"message\",d.wp.receiveEmbedMessage,!1),l.addEventListener(\"DOMContentLoaded\",function(){for(var e,t,s=l.querySelectorAll(\"iframe.wp-embedded-content\"),r=0;r<s.length;r++)(t=(e=s[r]).getAttribute(\"data-secret\"))||(t=Math.random().toString(36).substring(2,12),e.src+=\"#?secret=\"+t,e.setAttribute(\"data-secret\",t)),e.contentWindow.postMessage({message:\"ready\",secret:t},\"*\")},!1)))}(window,document);\n\/\/# sourceURL=https:\/\/www.lamaisondesartistes.fr\/site\/wp-includes\/js\/wp-embed.min.js\n\/* ]]> *\/\n<\/script>\n","description":"&nbsp; Au c\u0153ur de l\u2019Olympiade Culturelle de Paris 2024, La Maison des Artistes lance un projet culturel \u00e0 destination de tous les artistes et amateurs d\u2019art fran\u00e7ais et internationaux. Pr\u00e9texte \u00e0 \u00e9voquer \u00e9galement la Francophonie sportive avec la D\u00e9l\u00e9gation minist\u00e9rielle \u00e0 la francophonie, cet \u00e9v\u00e9nement s\u2019articule autour de trois temps forts : &nbsp; D\u00e9couvrir l&rsquo;exposition... Voir l'article","thumbnail_url":"https:\/\/www.lamaisondesartistes.fr\/site\/wp-content\/uploads\/2024\/05\/Label-bleu-Olympiade-Culturelle-250x250.png"}

&nbsp; Au cœur de l’Olympiade Culturelle de Paris 2024, La Maison des Artistes lance un projet culturel à destination de tous les artistes et amateurs d’art français et internationaux. Prétexte à évoquer également la Francophonie sportive avec la Délégation ministérielle à la francophonie, cet événement s’articule autour de trois temps forts : &nbsp; Découvrir l&rsquo;exposition... Voir l'article
