{"version":"1.0","provider_name":"La Maison des Artistes","provider_url":"https:\/\/www.lamaisondesartistes.fr\/site","author_name":"pflorella","author_url":"https:\/\/www.lamaisondesartistes.fr\/site\/author\/pflorella\/","title":"Commission Condition de l'Artiste - La Maison des Artistes","type":"rich","width":600,"height":338,"html":"<blockquote class=\"wp-embedded-content\" data-secret=\"ydp8kaEJGh\"><a href=\"https:\/\/www.lamaisondesartistes.fr\/site\/les-commissions\/commission-condition-de-lartiste\/\">Commission Condition de l&rsquo;Artiste<\/a><\/blockquote><iframe sandbox=\"allow-scripts\" security=\"restricted\" src=\"https:\/\/www.lamaisondesartistes.fr\/site\/les-commissions\/commission-condition-de-lartiste\/embed\/#?secret=ydp8kaEJGh\" width=\"600\" height=\"338\" title=\"\u00ab\u00a0Commission Condition de l&rsquo;Artiste\u00a0\u00bb &#8212; La Maison des Artistes\" data-secret=\"ydp8kaEJGh\" frameborder=\"0\" marginwidth=\"0\" marginheight=\"0\" scrolling=\"no\" class=\"wp-embedded-content\"><\/iframe><script type=\"text\/javascript\">\n\/* <![CDATA[ *\/\n\/*! This file is auto-generated *\/\n!function(d,l){\"use strict\";l.querySelector&&d.addEventListener&&\"undefined\"!=typeof URL&&(d.wp=d.wp||{},d.wp.receiveEmbedMessage||(d.wp.receiveEmbedMessage=function(e){var t=e.data;if((t||t.secret||t.message||t.value)&&!\/[^a-zA-Z0-9]\/.test(t.secret)){for(var s,r,n,a=l.querySelectorAll('iframe[data-secret=\"'+t.secret+'\"]'),o=l.querySelectorAll('blockquote[data-secret=\"'+t.secret+'\"]'),c=new RegExp(\"^https?:$\",\"i\"),i=0;i<o.length;i++)o[i].style.display=\"none\";for(i=0;i<a.length;i++)s=a[i],e.source===s.contentWindow&&(s.removeAttribute(\"style\"),\"height\"===t.message?(1e3<(r=parseInt(t.value,10))?r=1e3:~~r<200&&(r=200),s.height=r):\"link\"===t.message&&(r=new URL(s.getAttribute(\"src\")),n=new URL(t.value),c.test(n.protocol))&&n.host===r.host&&l.activeElement===s&&(d.top.location.href=t.value))}},d.addEventListener(\"message\",d.wp.receiveEmbedMessage,!1),l.addEventListener(\"DOMContentLoaded\",function(){for(var e,t,s=l.querySelectorAll(\"iframe.wp-embedded-content\"),r=0;r<s.length;r++)(t=(e=s[r]).getAttribute(\"data-secret\"))||(t=Math.random().toString(36).substring(2,12),e.src+=\"#?secret=\"+t,e.setAttribute(\"data-secret\",t)),e.contentWindow.postMessage({message:\"ready\",secret:t},\"*\")},!1)))}(window,document);\n\/\/# sourceURL=https:\/\/www.lamaisondesartistes.fr\/site\/wp-includes\/js\/wp-embed.min.js\n\/* ]]> *\/\n<\/script>\n","description":"Actions et Historique\u00a0 &#8211; Respect des r\u00e8gles sociales et fiscales qui reste une de nos pr\u00e9occupations premi\u00e8res puisqu\u2019il concerne fondamentalement l\u2019exercice m\u00eame de nos professions face \u00e0 la concurrence d\u00e9loyale des amateurs dont certains en tirent un revenu plus que substantiel. Sur ce sujet, il semble que le Minist\u00e8re de la Culture nous ait entendus... Voir l'article","thumbnail_url":"https:\/\/www.lamaisondesartistes.fr\/site\/wp-content\/uploads\/2018\/08\/photo-manif-e1534179757671-250x162.jpg"}

Actions et Historique  &#8211; Respect des règles sociales et fiscales qui reste une de nos préoccupations premières puisqu’il concerne fondamentalement l’exercice même de nos professions face à la concurrence déloyale des amateurs dont certains en tirent un revenu plus que substantiel. Sur ce sujet, il semble que le Ministère de la Culture nous ait entendus... Voir l'article
