{"version":"1.0","provider_name":"La Maison des Artistes","provider_url":"https:\/\/www.lamaisondesartistes.fr\/site","author_name":"Louise PELLETIER","author_url":"https:\/\/www.lamaisondesartistes.fr\/site\/author\/louise-pelletierlamaisondesartistes-fr\/","title":"Les Amis des Artistes - Succ\u00e8s de l'op\u00e9ration 2 - La Maison des Artistes","type":"rich","width":600,"height":338,"html":"<blockquote class=\"wp-embedded-content\" data-secret=\"4zpttwi38Y\"><a href=\"https:\/\/www.lamaisondesartistes.fr\/site\/les-amis-des-artistes-succes-de-loperation-2\/\">Les Amis des Artistes &#8211; Succ\u00e8s de l&rsquo;op\u00e9ration 2<\/a><\/blockquote><iframe sandbox=\"allow-scripts\" security=\"restricted\" src=\"https:\/\/www.lamaisondesartistes.fr\/site\/les-amis-des-artistes-succes-de-loperation-2\/embed\/#?secret=4zpttwi38Y\" width=\"600\" height=\"338\" title=\"\u00ab\u00a0Les Amis des Artistes &#8211; Succ\u00e8s de l&rsquo;op\u00e9ration 2\u00a0\u00bb &#8212; La Maison des Artistes\" data-secret=\"4zpttwi38Y\" frameborder=\"0\" marginwidth=\"0\" marginheight=\"0\" scrolling=\"no\" class=\"wp-embedded-content\"><\/iframe><script type=\"text\/javascript\">\n\/* <![CDATA[ *\/\n\/*! This file is auto-generated *\/\n!function(d,l){\"use strict\";l.querySelector&&d.addEventListener&&\"undefined\"!=typeof URL&&(d.wp=d.wp||{},d.wp.receiveEmbedMessage||(d.wp.receiveEmbedMessage=function(e){var t=e.data;if((t||t.secret||t.message||t.value)&&!\/[^a-zA-Z0-9]\/.test(t.secret)){for(var s,r,n,a=l.querySelectorAll('iframe[data-secret=\"'+t.secret+'\"]'),o=l.querySelectorAll('blockquote[data-secret=\"'+t.secret+'\"]'),c=new RegExp(\"^https?:$\",\"i\"),i=0;i<o.length;i++)o[i].style.display=\"none\";for(i=0;i<a.length;i++)s=a[i],e.source===s.contentWindow&&(s.removeAttribute(\"style\"),\"height\"===t.message?(1e3<(r=parseInt(t.value,10))?r=1e3:~~r<200&&(r=200),s.height=r):\"link\"===t.message&&(r=new URL(s.getAttribute(\"src\")),n=new URL(t.value),c.test(n.protocol))&&n.host===r.host&&l.activeElement===s&&(d.top.location.href=t.value))}},d.addEventListener(\"message\",d.wp.receiveEmbedMessage,!1),l.addEventListener(\"DOMContentLoaded\",function(){for(var e,t,s=l.querySelectorAll(\"iframe.wp-embedded-content\"),r=0;r<s.length;r++)(t=(e=s[r]).getAttribute(\"data-secret\"))||(t=Math.random().toString(36).substring(2,12),e.src+=\"#?secret=\"+t,e.setAttribute(\"data-secret\",t)),e.contentWindow.postMessage({message:\"ready\",secret:t},\"*\")},!1)))}(window,document);\n\/\/# sourceURL=https:\/\/www.lamaisondesartistes.fr\/site\/wp-includes\/js\/wp-embed.min.js\n\/* ]]> *\/\n<\/script>\n","thumbnail_url":"https:\/\/www.lamaisondesartistes.fr\/site\/wp-content\/uploads\/2020\/05\/logo-les-amis-des-artistes-rouge-01.jpg","thumbnail_width":300,"thumbnail_height":337,"description":"Les amis des artistes est un collectif d&rsquo;acteurs du domaine de l&rsquo;art qui s&rsquo;est cr\u00e9\u00e9 durant cette crise sanitaire avec pour projet le soutien \u00e0 la cr\u00e9ation artistique et l\u2019aide aux artistes. Leur objectif est de r\u00e9colter des fonds, revers\u00e9s \u00e0 des structures soutenant les artistes des arts visuels, mais aussi de permettre \u00e0 des... Voir l'article"}

Les Amis des Artistes - Succès de l'opération 2 - La Maison des Artistes

<blockquote class="wp-embedded-content" data-secret="4zpttwi38Y"><a href="https://www.lamaisondesartistes.fr/site/les-amis-des-artistes-succes-de-loperation-2/">Les Amis des Artistes &#8211; Succès de l&rsquo;opération 2</a></blockquote><iframe sandbox="allow-scripts" security="restricted" src="https://www.lamaisondesartistes.fr/site/les-amis-des-artistes-succes-de-loperation-2/embed/#?secret=4zpttwi38Y" width="600" height="338" title="« Les Amis des Artistes &#8211; Succès de l&rsquo;opération 2 » &#8212; La Maison des Artistes" data-secret="4zpttwi38Y" frameborder="0" marginwidth="0" marginheight="0" scrolling="no" class="wp-embedded-content"></iframe><script type="text/javascript">
/* <![CDATA[ */
/*! This file is auto-generated */
!function(d,l){"use strict";l.querySelector&&d.addEventListener&&"undefined"!=typeof URL&&(d.wp=d.wp||{},d.wp.receiveEmbedMessage||(d.wp.receiveEmbedMessage=function(e){var t=e.data;if((t||t.secret||t.message||t.value)&&!/[^a-zA-Z0-9]/.test(t.secret)){for(var s,r,n,a=l.querySelectorAll('iframe[data-secret="'+t.secret+'"]'),o=l.querySelectorAll('blockquote[data-secret="'+t.secret+'"]'),c=new RegExp("^https?:$","i"),i=0;i<o.length;i++)o[i].style.display="none";for(i=0;i<a.length;i++)s=a[i],e.source===s.contentWindow&&(s.removeAttribute("style"),"height"===t.message?(1e3<(r=parseInt(t.value,10))?r=1e3:~~r<200&&(r=200),s.height=r):"link"===t.message&&(r=new URL(s.getAttribute("src")),n=new URL(t.value),c.test(n.protocol))&&n.host===r.host&&l.activeElement===s&&(d.top.location.href=t.value))}},d.addEventListener("message",d.wp.receiveEmbedMessage,!1),l.addEventListener("DOMContentLoaded",function(){for(var e,t,s=l.querySelectorAll("iframe.wp-embedded-content"),r=0;r<s.length;r++)(t=(e=s[r]).getAttribute("data-secret"))||(t=Math.random().toString(36).substring(2,12),e.src+="#?secret="+t,e.setAttribute("data-secret",t)),e.contentWindow.postMessage({message:"ready",secret:t},"*")},!1)))}(window,document);
//# sourceURL=https://www.lamaisondesartistes.fr/site/wp-includes/js/wp-embed.min.js
/* ]]> */
</script>

Les amis des artistes est un collectif d&rsquo;acteurs du domaine de l&rsquo;art qui s&rsquo;est créé durant cette crise sanitaire avec pour projet le soutien à la création artistique et l’aide aux artistes. Leur objectif est de récolter des fonds, reversés à des structures soutenant les artistes des arts visuels, mais aussi de permettre à des... Voir l'article
