{"version":"1.0","provider_name":"La Maison des Artistes","provider_url":"https:\/\/www.lamaisondesartistes.fr\/site","author_name":"Victoire Mougin-Souleau","author_url":"https:\/\/www.lamaisondesartistes.fr\/site\/author\/vmougin\/","title":"Inscription \u00e0 l'Atelier Action \"Droits sociaux\" - La Maison des Artistes","type":"rich","width":600,"height":338,"html":"<blockquote class=\"wp-embedded-content\" data-secret=\"GSwstSmWJR\"><a href=\"https:\/\/www.lamaisondesartistes.fr\/site\/inscription-a-latelier-action-droits-sociaux\/\">Inscription \u00e0 l&rsquo;Atelier Action \u00ab\u00a0Droits sociaux\u00a0\u00bb<\/a><\/blockquote><iframe sandbox=\"allow-scripts\" security=\"restricted\" src=\"https:\/\/www.lamaisondesartistes.fr\/site\/inscription-a-latelier-action-droits-sociaux\/embed\/#?secret=GSwstSmWJR\" width=\"600\" height=\"338\" title=\"\u00ab\u00a0Inscription \u00e0 l&rsquo;Atelier Action \u00ab\u00a0Droits sociaux\u00a0\u00bb\u00a0\u00bb &#8212; La Maison des Artistes\" data-secret=\"GSwstSmWJR\" frameborder=\"0\" marginwidth=\"0\" marginheight=\"0\" scrolling=\"no\" class=\"wp-embedded-content\"><\/iframe><script type=\"text\/javascript\">\n\/* <![CDATA[ *\/\n\/*! This file is auto-generated *\/\n!function(d,l){\"use strict\";l.querySelector&&d.addEventListener&&\"undefined\"!=typeof URL&&(d.wp=d.wp||{},d.wp.receiveEmbedMessage||(d.wp.receiveEmbedMessage=function(e){var t=e.data;if((t||t.secret||t.message||t.value)&&!\/[^a-zA-Z0-9]\/.test(t.secret)){for(var s,r,n,a=l.querySelectorAll('iframe[data-secret=\"'+t.secret+'\"]'),o=l.querySelectorAll('blockquote[data-secret=\"'+t.secret+'\"]'),c=new RegExp(\"^https?:$\",\"i\"),i=0;i<o.length;i++)o[i].style.display=\"none\";for(i=0;i<a.length;i++)s=a[i],e.source===s.contentWindow&&(s.removeAttribute(\"style\"),\"height\"===t.message?(1e3<(r=parseInt(t.value,10))?r=1e3:~~r<200&&(r=200),s.height=r):\"link\"===t.message&&(r=new URL(s.getAttribute(\"src\")),n=new URL(t.value),c.test(n.protocol))&&n.host===r.host&&l.activeElement===s&&(d.top.location.href=t.value))}},d.addEventListener(\"message\",d.wp.receiveEmbedMessage,!1),l.addEventListener(\"DOMContentLoaded\",function(){for(var e,t,s=l.querySelectorAll(\"iframe.wp-embedded-content\"),r=0;r<s.length;r++)(t=(e=s[r]).getAttribute(\"data-secret\"))||(t=Math.random().toString(36).substring(2,12),e.src+=\"#?secret=\"+t,e.setAttribute(\"data-secret\",t)),e.contentWindow.postMessage({message:\"ready\",secret:t},\"*\")},!1)))}(window,document);\n\/\/# sourceURL=https:\/\/www.lamaisondesartistes.fr\/site\/wp-includes\/js\/wp-embed.min.js\n\/* ]]> *\/\n<\/script>\n","description":"Des rencontres th\u00e9matiques pour construire un plaidoyer en faveur des artistes-auteurs. &nbsp; Pour favoriser les conditions professionnelles des artistes-auteurs et assurer ainsi leur repr\u00e9sentation et la d\u00e9fense de leurs int\u00e9r\u00eats moraux et mat\u00e9riels, le Syndicat Solidarit\u00e9 Maison des Artistes CFDT initie des\u00a0Ateliers Action\u00a0en format pr\u00e9sentiel et bient\u00f4t mixte (visio et pr\u00e9sentiel). Ces rencontres s\u2019adressent \u00e0... Voir l'article","thumbnail_url":"https:\/\/www.lamaisondesartistes.fr\/site\/wp-content\/uploads\/2025\/03\/Atelier-SMDA-250x250.png"}

Inscription à l'Atelier Action "Droits sociaux" - La Maison des Artistes

<blockquote class="wp-embedded-content" data-secret="GSwstSmWJR"><a href="https://www.lamaisondesartistes.fr/site/inscription-a-latelier-action-droits-sociaux/">Inscription à l&rsquo;Atelier Action « Droits sociaux »</a></blockquote><iframe sandbox="allow-scripts" security="restricted" src="https://www.lamaisondesartistes.fr/site/inscription-a-latelier-action-droits-sociaux/embed/#?secret=GSwstSmWJR" width="600" height="338" title="« Inscription à l&rsquo;Atelier Action « Droits sociaux » » &#8212; La Maison des Artistes" data-secret="GSwstSmWJR" frameborder="0" marginwidth="0" marginheight="0" scrolling="no" class="wp-embedded-content"></iframe><script type="text/javascript">
/* <![CDATA[ */
/*! This file is auto-generated */
!function(d,l){"use strict";l.querySelector&&d.addEventListener&&"undefined"!=typeof URL&&(d.wp=d.wp||{},d.wp.receiveEmbedMessage||(d.wp.receiveEmbedMessage=function(e){var t=e.data;if((t||t.secret||t.message||t.value)&&!/[^a-zA-Z0-9]/.test(t.secret)){for(var s,r,n,a=l.querySelectorAll('iframe[data-secret="'+t.secret+'"]'),o=l.querySelectorAll('blockquote[data-secret="'+t.secret+'"]'),c=new RegExp("^https?:$","i"),i=0;i<o.length;i++)o[i].style.display="none";for(i=0;i<a.length;i++)s=a[i],e.source===s.contentWindow&&(s.removeAttribute("style"),"height"===t.message?(1e3<(r=parseInt(t.value,10))?r=1e3:~~r<200&&(r=200),s.height=r):"link"===t.message&&(r=new URL(s.getAttribute("src")),n=new URL(t.value),c.test(n.protocol))&&n.host===r.host&&l.activeElement===s&&(d.top.location.href=t.value))}},d.addEventListener("message",d.wp.receiveEmbedMessage,!1),l.addEventListener("DOMContentLoaded",function(){for(var e,t,s=l.querySelectorAll("iframe.wp-embedded-content"),r=0;r<s.length;r++)(t=(e=s[r]).getAttribute("data-secret"))||(t=Math.random().toString(36).substring(2,12),e.src+="#?secret="+t,e.setAttribute("data-secret",t)),e.contentWindow.postMessage({message:"ready",secret:t},"*")},!1)))}(window,document);
//# sourceURL=https://www.lamaisondesartistes.fr/site/wp-includes/js/wp-embed.min.js
/* ]]> */
</script>

Des rencontres thématiques pour construire un plaidoyer en faveur des artistes-auteurs. &nbsp; Pour favoriser les conditions professionnelles des artistes-auteurs et assurer ainsi leur représentation et la défense de leurs intérêts moraux et matériels, le Syndicat Solidarité Maison des Artistes CFDT initie des Ateliers Action en format présentiel et bientôt mixte (visio et présentiel). Ces rencontres s’adressent à... Voir l'article
