{"version":"1.0","provider_name":"La Maison des Artistes","provider_url":"https:\/\/www.lamaisondesartistes.fr\/site","author_name":"admin","author_url":"https:\/\/www.lamaisondesartistes.fr\/site\/author\/admin\/","title":"Colloque au S\u00e9nat : les artistes se \u201cManifeste\u201d - La Maison des Artistes","type":"rich","width":600,"height":338,"html":"<blockquote class=\"wp-embedded-content\" data-secret=\"elg9geUbHQ\"><a href=\"https:\/\/www.lamaisondesartistes.fr\/site\/colloque-au-senat-les-artistes-se-manifeste\/\">Colloque au S\u00e9nat : les artistes se \u201cManifeste\u201d<\/a><\/blockquote><iframe sandbox=\"allow-scripts\" security=\"restricted\" src=\"https:\/\/www.lamaisondesartistes.fr\/site\/colloque-au-senat-les-artistes-se-manifeste\/embed\/#?secret=elg9geUbHQ\" width=\"600\" height=\"338\" title=\"\u00ab\u00a0Colloque au S\u00e9nat : les artistes se \u201cManifeste\u201d\u00a0\u00bb &#8212; La Maison des Artistes\" data-secret=\"elg9geUbHQ\" frameborder=\"0\" marginwidth=\"0\" marginheight=\"0\" scrolling=\"no\" class=\"wp-embedded-content\"><\/iframe><script type=\"text\/javascript\">\n\/* <![CDATA[ *\/\n\/*! This file is auto-generated *\/\n!function(d,l){\"use strict\";l.querySelector&&d.addEventListener&&\"undefined\"!=typeof URL&&(d.wp=d.wp||{},d.wp.receiveEmbedMessage||(d.wp.receiveEmbedMessage=function(e){var t=e.data;if((t||t.secret||t.message||t.value)&&!\/[^a-zA-Z0-9]\/.test(t.secret)){for(var s,r,n,a=l.querySelectorAll('iframe[data-secret=\"'+t.secret+'\"]'),o=l.querySelectorAll('blockquote[data-secret=\"'+t.secret+'\"]'),c=new RegExp(\"^https?:$\",\"i\"),i=0;i<o.length;i++)o[i].style.display=\"none\";for(i=0;i<a.length;i++)s=a[i],e.source===s.contentWindow&&(s.removeAttribute(\"style\"),\"height\"===t.message?(1e3<(r=parseInt(t.value,10))?r=1e3:~~r<200&&(r=200),s.height=r):\"link\"===t.message&&(r=new URL(s.getAttribute(\"src\")),n=new URL(t.value),c.test(n.protocol))&&n.host===r.host&&l.activeElement===s&&(d.top.location.href=t.value))}},d.addEventListener(\"message\",d.wp.receiveEmbedMessage,!1),l.addEventListener(\"DOMContentLoaded\",function(){for(var e,t,s=l.querySelectorAll(\"iframe.wp-embedded-content\"),r=0;r<s.length;r++)(t=(e=s[r]).getAttribute(\"data-secret\"))||(t=Math.random().toString(36).substring(2,12),e.src+=\"#?secret=\"+t,e.setAttribute(\"data-secret\",t)),e.contentWindow.postMessage({message:\"ready\",secret:t},\"*\")},!1)))}(window,document);\n\/\/# sourceURL=https:\/\/www.lamaisondesartistes.fr\/site\/wp-includes\/js\/wp-embed.min.js\n\/* ]]> *\/\n<\/script>\n","description":"\u201cArtiste, un m\u00e9tier ?\u201d, c\u2019est la question que La Maison des Artistes et la revue Area ont souhait\u00e9 mettre en d\u00e9bat, lors d\u2019un colloque au Palais du Luxembourg le 30 mars dernier. Initi\u00e9 par une \u00e9tude men\u00e9e par la revue area, ce d\u00e9bat a \u00e9t\u00e9 aliment\u00e9 tant par des politiques, que par des experts du... Voir l'article","thumbnail_url":"https:\/\/www.lamaisondesartistes.fr\/site\/wp-content\/uploads\/2018\/08\/panteon-250x333.jpg"}

Colloque au Sénat : les artistes se “Manifeste” - La Maison des Artistes

<blockquote class="wp-embedded-content" data-secret="elg9geUbHQ"><a href="https://www.lamaisondesartistes.fr/site/colloque-au-senat-les-artistes-se-manifeste/">Colloque au Sénat : les artistes se “Manifeste”</a></blockquote><iframe sandbox="allow-scripts" security="restricted" src="https://www.lamaisondesartistes.fr/site/colloque-au-senat-les-artistes-se-manifeste/embed/#?secret=elg9geUbHQ" width="600" height="338" title="« Colloque au Sénat : les artistes se “Manifeste” » &#8212; La Maison des Artistes" data-secret="elg9geUbHQ" frameborder="0" marginwidth="0" marginheight="0" scrolling="no" class="wp-embedded-content"></iframe><script type="text/javascript">
/* <![CDATA[ */
/*! This file is auto-generated */
!function(d,l){"use strict";l.querySelector&&d.addEventListener&&"undefined"!=typeof URL&&(d.wp=d.wp||{},d.wp.receiveEmbedMessage||(d.wp.receiveEmbedMessage=function(e){var t=e.data;if((t||t.secret||t.message||t.value)&&!/[^a-zA-Z0-9]/.test(t.secret)){for(var s,r,n,a=l.querySelectorAll('iframe[data-secret="'+t.secret+'"]'),o=l.querySelectorAll('blockquote[data-secret="'+t.secret+'"]'),c=new RegExp("^https?:$","i"),i=0;i<o.length;i++)o[i].style.display="none";for(i=0;i<a.length;i++)s=a[i],e.source===s.contentWindow&&(s.removeAttribute("style"),"height"===t.message?(1e3<(r=parseInt(t.value,10))?r=1e3:~~r<200&&(r=200),s.height=r):"link"===t.message&&(r=new URL(s.getAttribute("src")),n=new URL(t.value),c.test(n.protocol))&&n.host===r.host&&l.activeElement===s&&(d.top.location.href=t.value))}},d.addEventListener("message",d.wp.receiveEmbedMessage,!1),l.addEventListener("DOMContentLoaded",function(){for(var e,t,s=l.querySelectorAll("iframe.wp-embedded-content"),r=0;r<s.length;r++)(t=(e=s[r]).getAttribute("data-secret"))||(t=Math.random().toString(36).substring(2,12),e.src+="#?secret="+t,e.setAttribute("data-secret",t)),e.contentWindow.postMessage({message:"ready",secret:t},"*")},!1)))}(window,document);
//# sourceURL=https://www.lamaisondesartistes.fr/site/wp-includes/js/wp-embed.min.js
/* ]]> */
</script>

“Artiste, un métier ?”, c’est la question que La Maison des Artistes et la revue Area ont souhaité mettre en débat, lors d’un colloque au Palais du Luxembourg le 30 mars dernier. Initié par une étude menée par la revue area, ce débat a été alimenté tant par des politiques, que par des experts du... Voir l'article
