{"version":"1.0","provider_name":"La Maison des Artistes","provider_url":"https:\/\/www.lamaisondesartistes.fr\/site","author_name":"Louise PELLETIER","author_url":"https:\/\/www.lamaisondesartistes.fr\/site\/author\/louise-pelletierlamaisondesartistes-fr\/","title":"Proposition d'amendement - M\u00e9c\u00e9nat et achat d'oeuvres d'art - La Maison des Artistes","type":"rich","width":600,"height":338,"html":"<blockquote class=\"wp-embedded-content\" data-secret=\"aoOSdrcAIX\"><a href=\"https:\/\/www.lamaisondesartistes.fr\/site\/amendement-de-la-loi-mecenat-projet-et-avancees\/\">Proposition d&rsquo;amendement &#8211; M\u00e9c\u00e9nat et achat d&rsquo;oeuvres d&rsquo;art<\/a><\/blockquote><iframe sandbox=\"allow-scripts\" security=\"restricted\" src=\"https:\/\/www.lamaisondesartistes.fr\/site\/amendement-de-la-loi-mecenat-projet-et-avancees\/embed\/#?secret=aoOSdrcAIX\" width=\"600\" height=\"338\" title=\"\u00ab\u00a0Proposition d&rsquo;amendement &#8211; M\u00e9c\u00e9nat et achat d&rsquo;oeuvres d&rsquo;art\u00a0\u00bb &#8212; La Maison des Artistes\" data-secret=\"aoOSdrcAIX\" frameborder=\"0\" marginwidth=\"0\" marginheight=\"0\" scrolling=\"no\" class=\"wp-embedded-content\"><\/iframe><script type=\"text\/javascript\">\n\/* <![CDATA[ *\/\n\/*! This file is auto-generated *\/\n!function(d,l){\"use strict\";l.querySelector&&d.addEventListener&&\"undefined\"!=typeof URL&&(d.wp=d.wp||{},d.wp.receiveEmbedMessage||(d.wp.receiveEmbedMessage=function(e){var t=e.data;if((t||t.secret||t.message||t.value)&&!\/[^a-zA-Z0-9]\/.test(t.secret)){for(var s,r,n,a=l.querySelectorAll('iframe[data-secret=\"'+t.secret+'\"]'),o=l.querySelectorAll('blockquote[data-secret=\"'+t.secret+'\"]'),c=new RegExp(\"^https?:$\",\"i\"),i=0;i<o.length;i++)o[i].style.display=\"none\";for(i=0;i<a.length;i++)s=a[i],e.source===s.contentWindow&&(s.removeAttribute(\"style\"),\"height\"===t.message?(1e3<(r=parseInt(t.value,10))?r=1e3:~~r<200&&(r=200),s.height=r):\"link\"===t.message&&(r=new URL(s.getAttribute(\"src\")),n=new URL(t.value),c.test(n.protocol))&&n.host===r.host&&l.activeElement===s&&(d.top.location.href=t.value))}},d.addEventListener(\"message\",d.wp.receiveEmbedMessage,!1),l.addEventListener(\"DOMContentLoaded\",function(){for(var e,t,s=l.querySelectorAll(\"iframe.wp-embedded-content\"),r=0;r<s.length;r++)(t=(e=s[r]).getAttribute(\"data-secret\"))||(t=Math.random().toString(36).substring(2,12),e.src+=\"#?secret=\"+t,e.setAttribute(\"data-secret\",t)),e.contentWindow.postMessage({message:\"ready\",secret:t},\"*\")},!1)))}(window,document);\n\/\/# sourceURL=https:\/\/www.lamaisondesartistes.fr\/site\/wp-includes\/js\/wp-embed.min.js\n\/* ]]> *\/\n<\/script>\n","thumbnail_url":"https:\/\/www.lamaisondesartistes.fr\/site\/wp-content\/uploads\/2019\/01\/mikhail-pavstyuk-8436-unsplash.jpg","thumbnail_width":2560,"thumbnail_height":1440,"description":"Le bureau et l\u2019\u00e9quipe sont heureux de vous annoncer l\u2019avanc\u00e9e de notre projet d\u2019amendement parlementaire initialement port\u00e9 par le fonds de dotation de La Maison des Artistes dans le cadre d\u2019une am\u00e9lioration de la loi m\u00e9c\u00e9nat afin de favoriser l\u2019achat d\u2019\u0153uvres d\u2019art d\u2019artistes vivants : notre proposition porte sur l\u2019article 238 bis AB du code... Voir l'article"}

Proposition d'amendement - Mécénat et achat d'oeuvres d'art - La Maison des Artistes

<blockquote class="wp-embedded-content" data-secret="aoOSdrcAIX"><a href="https://www.lamaisondesartistes.fr/site/amendement-de-la-loi-mecenat-projet-et-avancees/">Proposition d&rsquo;amendement &#8211; Mécénat et achat d&rsquo;oeuvres d&rsquo;art</a></blockquote><iframe sandbox="allow-scripts" security="restricted" src="https://www.lamaisondesartistes.fr/site/amendement-de-la-loi-mecenat-projet-et-avancees/embed/#?secret=aoOSdrcAIX" width="600" height="338" title="« Proposition d&rsquo;amendement &#8211; Mécénat et achat d&rsquo;oeuvres d&rsquo;art » &#8212; La Maison des Artistes" data-secret="aoOSdrcAIX" frameborder="0" marginwidth="0" marginheight="0" scrolling="no" class="wp-embedded-content"></iframe><script type="text/javascript">
/* <![CDATA[ */
/*! This file is auto-generated */
!function(d,l){"use strict";l.querySelector&&d.addEventListener&&"undefined"!=typeof URL&&(d.wp=d.wp||{},d.wp.receiveEmbedMessage||(d.wp.receiveEmbedMessage=function(e){var t=e.data;if((t||t.secret||t.message||t.value)&&!/[^a-zA-Z0-9]/.test(t.secret)){for(var s,r,n,a=l.querySelectorAll('iframe[data-secret="'+t.secret+'"]'),o=l.querySelectorAll('blockquote[data-secret="'+t.secret+'"]'),c=new RegExp("^https?:$","i"),i=0;i<o.length;i++)o[i].style.display="none";for(i=0;i<a.length;i++)s=a[i],e.source===s.contentWindow&&(s.removeAttribute("style"),"height"===t.message?(1e3<(r=parseInt(t.value,10))?r=1e3:~~r<200&&(r=200),s.height=r):"link"===t.message&&(r=new URL(s.getAttribute("src")),n=new URL(t.value),c.test(n.protocol))&&n.host===r.host&&l.activeElement===s&&(d.top.location.href=t.value))}},d.addEventListener("message",d.wp.receiveEmbedMessage,!1),l.addEventListener("DOMContentLoaded",function(){for(var e,t,s=l.querySelectorAll("iframe.wp-embedded-content"),r=0;r<s.length;r++)(t=(e=s[r]).getAttribute("data-secret"))||(t=Math.random().toString(36).substring(2,12),e.src+="#?secret="+t,e.setAttribute("data-secret",t)),e.contentWindow.postMessage({message:"ready",secret:t},"*")},!1)))}(window,document);
//# sourceURL=https://www.lamaisondesartistes.fr/site/wp-includes/js/wp-embed.min.js
/* ]]> */
</script>

Le bureau et l’équipe sont heureux de vous annoncer l’avancée de notre projet d’amendement parlementaire initialement porté par le fonds de dotation de La Maison des Artistes dans le cadre d’une amélioration de la loi mécénat afin de favoriser l’achat d’œuvres d’art d’artistes vivants : notre proposition porte sur l’article 238 bis AB du code... Voir l'article
